= 3*d. Is d a composite number?
True
Let r(o) = 224*o**2 - o + 23. Is r(-4) composite?
True
Let i = 5 - 3. Let x(r) = -55*r**2 + 6*r - 5. Let z(m) = -28*m**2 + 3*m - 3. Let c(q) = 2*x(q) - 5*z(q). Is c(i) prime?
False
Suppose 5*k + 2 = 2*s, -3*k - 1 = 2*k - s. Suppose -2*f + 4*f + 2 = k. Is (f + -508)*(0 + -1) composite?
False
Suppose -43*h + 201397 + 2466 = 0. Is h a prime number?
False
Let m(x) = -2*x**3 - 10*x**2 - 9*x + 14. Is m(-9) prime?
True
Is (-906)/(-8) - 2/(-96)*-12 a prime number?
True
Let g(q) = 61*q**2 - 21*q - 53. Is g(-14) a prime number?
True
Suppose -15*u = -6*u - 72. Suppose -m - 98 = -u*m. Is m a prime number?
False
Suppose -296616 = -60*r - 40356. Is r a prime number?
True
Let v(h) = h**2 + 2*h + 1. Let o = 5 - 8. Let w be v(o). Suppose 3*k + 18 = b - 214, -761 = -3*b - w*k. Is b composite?
True
Suppose 2 = 5*s - o, -3*o + 6 + 8 = 5*s. Suppose -1 - s = -w. Let j = w - -87. Is j prime?
True
Let m be (0/(-3) - 4) + 823. Suppose 0 = 3*v + 3*h - 2160, 4*v - m - 2070 = 5*h. Is v a prime number?
False
Let p = 3296 + -1777. Is 132/(-99) + p/3 a prime number?
False
Suppose 125*o - 18558 = 122*o. Is ((-4)/(-6))/(4/o) a composite number?
False
Suppose 8*r + 1628 = 54340. Is r a composite number?
True
Suppose 6202 = 3*f + 2119. Is f prime?
True
Suppose -18*a + 13*a + 45 = 0. Suppose 13509 + 14958 = a*p. Is p a prime number?
True
Suppose -h - 12 = -4*i, i - 10 = 3*h - h. Suppose -5*r = -i*j - 166, -4*j + 84 = r + 2*r. Let s = 5 + r. Is s composite?
False
Let f = -2072 - -1304. Let x be -1 - (-2 + 462 - 0). Let k = x - f. Is k composite?
False
Is (-1)/(-6)*27471*6 prime?
False
Let y = -3872 + 5550. Let m = y + -954. Suppose -724 = -o - o + 4*l, -4*l + m = 2*o. Is o a prime number?
False
Is (-3)/(7 - 165128/23588) prime?
True
Let z = 8 + -8. Suppose z = 2*m + 2 - 10. Is m/6 - 2371/(-3) a prime number?
False
Let d(y) = 133*y**2 + 20*y - 200. Is d(7) prime?
False
Suppose 2*u + 10 = -0*u. Let v(d) = -4*d - 7. Is v(u) a prime number?
True
Is ((-194777)/(-121))/(3/33) prime?
True
Let g(i) = -i**3 - 15*i**2 - 15*i. Let h be g(-14). Let s = 20 - h. Is -3 - (s/3 - 228) a composite number?
False
Let k be ((-25047)/(-6) + -1)*14/7. Suppose -8*y + k = 435. Is y composite?
True
Let k = 99068 - 68759. Is k prime?
False
Let b(t) = t + 2. Let y be b(6). Suppose -9 = y*n - 11*n. Suppose -2*x - 605 = -3*r + 30, 3*x = -n*r + 615. Is r composite?
True
Is 4 + 3033 + 1 + (-5 - -4) prime?
True
Suppose 3*b - 4*s - 1788 = 0, -s = 4 - 1. Let z = 857 - b. Is z a prime number?
False
Let m(g) = g**2 + g - 9. Suppose 3*a = -l - 11, -5*a + l = -4*a + 5. Let v be m(a). Is (2 - (6 + v))*-1 a composite number?
False
Suppose 11*g - 9654 = 3755. Is g prime?
False
Let u be 0/((-2 + 1)/(-1)). Suppose -3960 = -3*i + 3*o - u*o, -5272 = -4*i - 4*o. Is i prime?
True
Suppose 5*p - 488 = -3*n, 4*p - n - 383 = 4*n. Is p composite?
False
Let n(j) = j. Let x(f) = -7*f - 5. Let u(s) = -5*n(s) - x(s). Is u(16) a composite number?
False
Let q(b) = b**3 - 19*b**2 + 17*b + 13. Let u be q(18). Let s(f) = -f**3 - f**2 + 7*f + 2. Is s(u) prime?
True
Let y(t) = -99*t**2 - 10*t. Let p be y(-2). Let c = 1265 + p. Is c a composite number?
True
Let w be 39055 - (0/5 + 4). Suppose -s - w = -10*s. Is s prime?
True
Let p(l) = l**3 + 14*l**2 - 66*l - 8. Is p(-15) composite?
False
Let i(n) = n**2 - n + 3. Let v be i(0). Suppose 6 = -2*p, -4*g + 893 = -2*g + v*p. Is g prime?
False
Is ((33885/25)/(-9))/(2/(-10)) composite?
True
Let j(n) = 920*n + 3. Let k be j(2). Let q = k + -1098. Is q composite?
True
Let q be (-2)/12 + (115/30)/(-1). Is (718/q)/((10/8)/(-5)) composite?
True
Let q be (-285)/20 - 1/(-4). Let r be q/21 + 238/(-3). Is 1 + 1 + (-3 - r) a composite number?
False
Let q(v) = 11*v**3 - 5*v**2 + v + 7. Let b = 38 - 34. Is q(b) composite?
True
Let j = 36 - 34. Suppose 0 = -r + j*h + 613, -4*r = -2*h - 2*h - 2452. Is r prime?
True
Let a = -8 - -14. Suppose s = 4*w + a*s - 497, 4*w + 4*s - 492 = 0. Is w a composite number?
True
Is (-169950612)/(-1560) - 6/(-20) a prime number?
True
Let f = -14595 + 28454. Is f prime?
True
Let u = -331255 - -475406. Is u a composite number?
True
Suppose -5*i + 7 = 7*s - 3*s, -3*i - 2*s + 5 = 0. Suppose z + x - 3*x - 371 = 0, 3*z + i*x = 1149. Is z a prime number?
True
Let s = 25 + -282. Let h = s - -476. Is h a composite number?
True
Suppose -42449 = -2*z + u, -28*u = -30*u + 10. Is z a composite number?
False
Let a be -2*15/10*1763. Let c = -3720 - a. Let j = c - 618. Is j a composite number?
True
Let r = -18052 - -25847. Suppose 0 = 7*z - r - 5428. Is z composite?
False
Let q(k) = -5*k + 31. Let o be q(7). Is 1*(o - -4 - -633) a composite number?
True
Let z(i) = 2*i**3 - 10*i**2 - 12*i + 10. Let d be 3/4 - (-29)/4. Is z(d) a composite number?
True
Let z(m) = -8*m + 0 + 70*m**2 - 7 + 4 + 2. Is z(-4) a prime number?
True
Let b = -33 - -64. Suppose -2*z + 145 - b = 0. Is z a composite number?
True
Let q(m) = -81*m + 55. Suppose -2*v = 6*z - 3*z + 8, 0 = 5*z - 3*v + 45. Is q(z) a composite number?
False
Let b(q) = q**2 + 10*q + 21. Let g be b(-10). Suppose -g*i + 759 = -18*i. Is i a composite number?
True
Suppose -5816 = 2*g - 4*z - 61838, -28031 = -g - 3*z. Is g composite?
False
Suppose -22 = 3*w + w - 2*f, -5*f = -25. Let b = 5 + w. Suppose b*d = k - 1, -16 = -k - 0*d - 3*d. Is k prime?
True
Let i = 10 - 9. Let a be (-2)/(-2) + i/(-1). Suppose a = -s - s + 46. Is s composite?
False
Suppose -5*t + 133987 = 4*h, -13*h - 3*t = -8*h - 167500. Is h a composite number?
False
Let c(q) be the third derivative of 1/120*q**6 + 4*q**2 + 0*q - 5/6*q**3 + 1/6*q**4 - 3/20*q**5 + 0. Is c(9) composite?
False
Let q = 49345 + 25176. Is q prime?
True
Suppose -6*n = -n + 15. Suppose -3*y + 35 = -q, 3*y - 4*q - 32 = -0*y. Is (-2)/n - (-268)/y prime?
True
Let g = 1 + -1. Let o be (11/3 + -3)*75. Suppose g = -3*q + 8*q - o. Is q prime?
False
Let o(h) = 0 + 132*h + 55*h + 1 + 3. Is o(9) composite?
True
Suppose 0*n - 37365 = -15*n. Is n a prime number?
False
Let o(f) = 20*f**2 + 11*f - 57. Is o(10) a composite number?
False
Let b(a) = 9137*a + 148. Is b(5) a composite number?
False
Suppose 2*s + 0*s - 10 = 0. Suppose -s*b - 525 - 435 = 0. Let j = b - -301. Is j a prime number?
True
Suppose 0 = -n + 3*n + 6, 2*n + 34 = 4*q. Suppose -20 = -5*p + 2*s, 0 = -p - 4*s - q - 11. Is 361*p*(-5)/(-10) a composite number?
True
Let w = 836 - 992. Suppose 0*i = -3*i - 1257. Let t = w - i. Is t a prime number?
True
Suppose q + q - 4 = 0. Suppose 2*f + 3*c - 1046 = 0, -q*c = -5*c. Is f a composite number?
False
Suppose -32*n + 154258 = -41934. Is n a composite number?
False
Let l(d) = -4*d**2 + 11*d - 2. Let a(i) = 8*i**2 - 23*i + 5. Let g(p) = 4*a(p) + 7*l(p). Is g(17) prime?
True
Suppose -5*v + 2 = -2*k - 9, 10 = 2*v + 2*k. Suppose 2*z - 1070 = -3*z - v*f, 2*z - 427 = -f. Is z composite?
False
Let w be (4 - (-930)/24) + 6/(-8). Is ((-818)/3)/((-4)/w) composite?
True
Let p(o) = 146*o + 3. Suppose -14*k + 16 = -12. Is p(k) a composite number?
True
Suppose -4*v = 3*w - 3525, v + 1361 = 2*w - 978. Suppose 2*x - w = 2691. Is x composite?
False
Let g be ((-12)/20)/(2/(-10)). Let d = 2 + g. Suppose 0 = r - 3*a + 77 - 297, -d*r + 4*a = -1078. Is r a composite number?
True
Let n = -75 + 80. Suppose -2*d = 3 + n, 3*d = 4*i - 1268. Is i a prime number?
False
Let s(h) = h**3 - h. Let u(n) = -25*n**3 + n**2 + 2*n + 2. Let x(m) = -2*s(m) - u(m). Let k = -73 - -75. Is x(k) a composite number?
True
Let w(t) = 1438*t**2 + 6*t - 9. Is w(-5) composite?
False
Let v = -24268 + 48599. Is v a prime number?
False
Suppose l = 245 - 22. Let c = 542 - l. Is c prime?
False
Let x(r) = -2*r**3 - 7*r**2 - 88*r + 11. Is x(-20) a prime number?
False
Let k = 373 + 1600. Is k a prime number?
True
Suppose -2*s + 238 + 3456 = 0. Is s a prime number?
True
Let r(s) = -924*s**3 + s. Let t be r(-1). Let i = t - 340. Is i composite?
True
Suppose 4*x + 11262 - 76954 = 0. Is x a composite number?
True
Is 5 - (224/(-32) - 3931/1) composite?
False
Let t = -621 + 1557. Suppose y + t = 5*c, -c + 251 = -5*y + 59. Is c prime?
False
Let i(n) = 6*n. Let u be i(1). Let p be 2472 - (4 + -2)*-1. Is p/10 - u/15 a prime number?
False
Let v(i) = 4432*i - 47. Is v(4) prime?
True
Let a be (1 + (-429)/9)*6. Let n = -536 - a. Is (n - -2)/(-5 - -4) prime?
F